55 and 243?
27
What is the highest common factor of 235865 and 4272233?
2051
Calculate the highest common divisor of 69877773 and 6369.
579
Calculate the highest common divisor of 2876505 and 2565.
285
Calculate the greatest common divisor of 2500 and 271532.
4
Calculate the greatest common factor of 300 and 58769700.
300
Calculate the highest common divisor of 4625 and 5552775.
925
Calculate the greatest common factor of 1078 and 81514587.
539
Calculate the highest common factor of 2034 and 4652838054.
2034
Calculate the highest common divisor of 1398 and 1036437357.
699
What is the highest common factor of 1017 and 11029817?
113
What is the greatest common factor of 2838132 and 10786335?
7167
Calculate the greatest common factor of 48920 and 1120.
40
Calculate the highest common divisor of 12 and 18080364.
12
What is the highest common divisor of 366248 and 106828?
68
Calculate the greatest common factor of 66442361 and 809.
809
Calculate the greatest common factor of 14 and 160442429.
7
What is the highest common factor of 202715090 and 7390?
7390
Calculate the greatest common factor of 18402481 and 367.
367
What is the greatest common divisor of 1960246 and 87842?
334
Calculate the greatest common factor of 54252405 and 45.
45
Calculate the greatest common factor of 483885 and 240.
15
Calculate the greatest common factor of 662 and 113515126.
662
Calculate the highest common divisor of 63 and 1959391.
7
What is the greatest common factor of 104025852 and 16128?
252
What is the highest common divisor of 33763 and 95000?
19
Calculate the greatest common factor of 762600 and 82656.
984
What is the greatest common factor of 8378 and 12916036?
142
What is the greatest common divisor of 34333 and 38532?
247
Calculate the highest common factor of 152 and 288167129.
19
Calculate the highest common factor of 1899607 and 9423.
349
Calculate the greatest common divisor of 426353515 and 70.
35
Calculate the highest common divisor of 201546 and 558.
18
Calculate the greatest common divisor of 94 and 28389175.
47
Calculate the greatest common divisor of 6315692 and 636.
212
Calculate the highest common divisor of 389804456 and 822.
274
Calculate the highest common divisor of 6825301 and 305939.
2201
Calculate the highest common divisor of 336301 and 47936.
749
What is the greatest common divisor of 956235 and 119692?
1301
Calculate the highest common factor of 3626 and 845746.
74
What is the highest common factor of 2108720 and 336?
16
Calculate the greatest common factor of 297 and 2105442.
9
Calculate the highest common factor of 1488216 and 384.
24
Calculate the greatest common divisor of 71716494 and 834.
834
What is the highest common factor of 3084240 and 10366?
142
Calculate the highest common divisor of 497691100 and 5.
5
Calculate the greatest common factor of 4454 and 4843916522.
4454
Calculate the highest common factor of 918 and 4007954.
34
What is the greatest common factor of 39 and 8446698?
39
Calculate the highest common divisor of 83090674 and 92.
46
What is the greatest common divisor of 7 and 131560079?
7
What is the greatest common divisor of 117 and 47202363?
117
What is the greatest common factor of 79106 and 822061?
1069
Calculate the greatest common divisor of 7136772 and 564.
12
What is the highest common divisor of 151907 and 224581?
7
What is the highest common factor of 209255657 and 13?
13
What is the greatest common factor of 224 and 2087195936?
224
What is the greatest common factor of 1680588 and 87438?
1482
Calculate the highest common factor of 36388 and 5922147.
9097
Calculate the greatest common factor of 355445060 and 40.
20
Calculate the highest common factor of 1311180 and 437880.
2460
What is the greatest common factor of 1188 and 63471276?
1188
What is the highest common factor of 559562 and 1270?
254
What is the greatest common factor of 2916 and 60498?
18
Calculate the highest common factor of 14 and 216237.
7
What is the greatest common factor of 15658972 and 7856?
1964
Calculate the greatest common divisor of 130 and 445651466.
26
What is the highest common factor of 14021 and 197477?
7
Calculate the highest common divisor of 1588258800 and 200.
200
What is the greatest common factor of 22491682 and 220405?
2593
What is the highest common divisor of 59414 and 22260770?
974
What is the highest common factor of 2145130 and 2865200?
3770
Calculate the highest common factor of 5460 and 90700.
20
What is the greatest common divisor of 1720 and 271504?
8
What is the highest common factor of 4755 and 18975?
15
What is the highest common divisor of 68521824 and 72324?
10332
Calculate the highest common factor of 2444 and 56618644.
188
What is the highest common factor of 5163280 and 1165?
1165
Calculate the highest common divisor of 252 and 28115124.
12
What is the greatest common factor of 2404537 and 10552?
1319
What is the highest common factor of 294304 and 1409504?
544
Calculate the highest common divisor of 450456867 and 3241.
3241
Calculate the greatest common factor of 52971463 and 9138.
1523
What is the greatest common divisor of 615587 and 443156?
833
Calculate the highest common divisor of 12 and 100707660.
12
Calculate the highest common factor of 81065 and 11545225.
2615
What is the greatest common divisor of 5429 and 146156?
61
Calculate the highest common factor of 1562485765 and 37.
37
Calculate the highest common divisor of 1323 and 461.
1
What is the highest common factor of 10462848 and 60192?
1056
What is the highest common factor of 25111650 and 390?
30
Calculate the greatest common factor of 528799870 and 12970.
12970
What is the greatest common factor of 407239898 and 208?
26
Calculate the highest common divisor of 524331 and 454733.
391
What is the highest common divisor of 1892129 and 47953?
79
What is the greatest common factor of 3926446 and 100230?
514
What is the greatest common factor of 4170 and 38101290?
4170
Calculate the highest common divisor of 102499222 and 4803.
1601
Calculate the highest common divisor of 11504721 and 1.
1
What is the highest common divisor of 3127995 and 468?
117
Calculate the highest common divisor of 29674 and 3366778.
74
Calculate the greatest common divisor of 447758 and 720238.
262
Calculate the greatest common divisor of 58047445 and 590.
295
Calculate the greatest common divisor of 606 and 995355.
303
What is the highest common divisor of 5941 and 2795012?
457
What is the greatest common divisor of 12 and 5100772?
4
What is the highest common factor of 488 and 904524836?
244
Calculate the highest common divisor of 20653461 and 2673.
81
What is the greatest common factor of 4413950 and 430?
430
What is the highest common divisor of 120 and 45819880?
40
What is the greatest common divisor of 389700558 and 312?
78
Calculate the highest common divisor of 7644589 and 101.
101
What is the greatest common factor of 63958 and 34465?
113
What is the greatest common divisor of 5025569 and 5687?
47
What is the greatest common divisor of 133665 and 32319?
399
What is the highest common factor of 6 and 68847014?
2
Calculate the highest common factor of 111799228 and 414.
46
Calculate the greatest common divisor of 515676 and 25825896.
10524
What is the highest common divisor of 490657 and 592?
37
Calculate the greatest common divisor of 12993586 and 1332.
74
What is the highest common divisor of 5957253 and 81?
27
What is the highest common factor of 8 and 105817072?
8
Calculate the greatest common divisor of 798790 and 73531.
529
What is the greatest common divisor of 213343908 and 9456?
2364
What is the greatest common divisor of 1952 and 1178886?
122
What is the highest common factor of 86734 and 4556?
34
What is the greatest common factor of 13533775 and 46?
23
Calculate the highest common divisor of 6175 and 4196650.
25
Calculate the highest common factor of 5737850 and 50.
50
What is the greatest common factor of 57613860 and 52960?
6620
Calculate the highest common factor of 12711716 and 2854.
2854
Calculate the greatest common divisor of 902 and 674036.
22
What is the greatest common divisor of 168263705 and 850?
85
What is the greatest common factor of 37485162 and 429?
429
Calculate the highest common divisor of 10 and 12858310.
10
Calculate the highes